 = -t**2 - 5*t - 10. Let z be u(-3). Let d(a) = -a**2 - 3*a. Let w be d(-2). Let y(i) = -3*i**w - i**3 + 5 - 2 + 3*i - 1. Calculate y(z).
6
Let v(j) = -j - 4. Let z be 10/(-3 + 1) - -2. Let t be v(z). Let c(k) = 0*k - 2*k + k - 9*k**2. Calculate c(t).
-8
Let w(r) be the third derivative of r**5/60 - r**4/3 + 4*r**3/3 + 2*r**2. Let u be w(7). Let s(m) = 2*m**2 + 2*m**2 - u + 4*m**2 - m. What is s(-1)?
8
Let x(r) = r**2 + 3*r. Let h be (-3)/(-2 - (-9)/3). What is x(h)?
0
Let t(w) be the first derivative of -w**3/3 - 4*w - 1. Let j be (8/2)/(7 - 6). Suppose -12 = 3*s + j*b, s - b + 3 = 6. Give t(s).
-4
Let m(v) = v - 6. Let r be m(6). Let j(u) be the first derivative of u - 2 + 0*u**2 + 1/4*u**4 - 1/3*u**3. Give j(r).
1
Let j(c) be the second derivative of -c**6/720 - c**5/120 + c**4/6 + 4*c. Let o(k) be the third derivative of j(k). What is o(-6)?
5
Let v be 12/(-20) + 56/10. Let z(j) = j - 4. Let a(q) = -q + 4. Let p(s) = v*z(s) + 4*a(s). Calculate p(6).
2
Let r(l) = -2*l**2 + 8*l - 5. Let s(b) = -b**2 + b - 1. Let x(u) = -r(u) + 3*s(u). Suppose -20 = -4*q, -4*w + 1 = q - 0. Let f = w - 2. Determine x(f).
8
Let l(w) = -w - 2. Suppose 0 = 5*n + 2*m + 2*m - 13, 0 = 4*n - 5*m - 35. Let z be (-3 + 5 + -1)*2. Let p = z - n. Give l(p).
1
Let u(m) = m**2 - m - 6. Let v be -2 + 1 - (4 + -7). Suppose 0 = b - v*b. Determine u(b).
-6
Let r(k) = -3*k**2 + 26*k + 14. Let m(p) = p**2 - 9*p - 5. Let y(z) = 17*m(z) + 6*r(z). Suppose -4*x + 15 = -a, -4*x - a + 6 = a. Give y(x).
-1
Let b = 3 - 2. Let v(k) = 10*k - k**2 - 17*k + b + 6*k. Determine v(2).
-5
Let o = 6 - 2. Suppose 0 = -o*c + c. Let r(g) = 2*g**2 + c + 3*g - 2*g - 1. Give r(-2).
5
Let m(l) = l**2 + 11*l - 6. Let i be m(-11). Let y(k) = -4*k + 11. Let d(o) = -o + 1. Let x(v) = i*d(v) + y(v). Determine x(-4).
-3
Suppose 11*h - 8*h - 9 = 0. Let y(m) = m - 2*m**h - 1 - m - m + 0. Give y(-1).
2
Let c = -1 + 2. Let u(n) = -4*n + 2*n + 3*n + 8*n**2. Give u(c).
9
Let g(w) = -w - 12. Let m be g(-8). Let x(u) = -4*u**2 - 5*u + 6. Let l(t) = 3*t**2 + 5*t - 6. Let z(i) = m*x(i) - 5*l(i). Calculate z(5).
6
Let u(j) = -5*j**2 + 5*j - 7. Let g(l) = 6*l**2 - 5*l + 8. Let q(k) = -3*g(k) - 4*u(k). Suppose 5*o = -a, -3*o - 2 = a - 0*a. Let i = -2 - a. Determine q(i).
7
Suppose 5*a - s + 0*s - 3 = 0, -5*a = -5*s - 15. Let q = a + 1. Let k(d) = 8*d. What is k(q)?
8
Let g be (-4)/(-12)*3*-4. Let w(d) = -3*d + 5. Let l(h) = h - 1. Let n(z) = -4*l(z) - w(z). Calculate n(g).
3
Suppose 2*m - 5*m + 34 = l, -4*m - 3*l = -52. Let v(r) = r**3 - 9*r**2 - 11*r + 13. Calculate v(m).
3
Suppose 3*a = 2*l + 26, -2*a + 7*a - 14 = -4*l. Suppose -3*o + o = a. Let z(u) = -u**3 - 4*u**2 - 3*u - 3. Determine z(o).
-3
Let v(o) be the first derivative of -o**2 - 9*o + 4. Calculate v(-6).
3
Let h(w) = -5*w + 3 - 4 + 3*w. Suppose -5*a - 6 = 5*b - 1, 4*a + 28 = 4*b. Suppose -10 = -b*n + 5*n. Calculate h(n).
9
Suppose -105 = -2*a - 3*a. Suppose 3*d + a = 6. Let l(q) = q**2 + 6*q - 3. Determine l(d).
-8
Let y(u) be the first derivative of u**3 + u**2/2 - 2. Let s be y(1). Let a(g) = 3 - 2*g - 1 - 1. Calculate a(s).
-7
Let w(x) be the third derivative of 0*x**3 + 0 + 1/12*x**4 + 0*x + 2*x**2 - 1/60*x**6 + 1/60*x**5. What is w(2)?
-8
Let b(r) = 4*r**3 + r**2 + 2*r + 1. Suppose 3*j = c + 4*c + 8, 4*j - c - 5 = 0. Let k = j + -2. Calculate b(k).
-4
Let c(v) be the second derivative of 5/2*v**2 + 0 + 1/3*v**4 + 1/20*v**5 + 0*v**3 + v. Calculate c(-4).
5
Let x(w) be the second derivative of w**5/5 - w**3/3 - w**2/2 - 3*w. Let i = 2 + 2. Suppose 0 = -4*q + 2*o - 12, -3*o = i*q + o - 12. Calculate x(q).
-3
Let i(b) = b. Let s(g) = g**2 + 7*g - 4. Let u be s(-4). Let n = u - -22. Give i(n).
6
Let a(j) = -j**2 + j - 6. Let d(y) = y**2 - y - 2. Let o be 3/((-21)/(-6) + -2). Let k be d(o). Suppose 4*p - 5*n = 15, 0 = -2*p + 2*n - k*n + 6. What is a(p)?
-6
Let d be ((-6)/5)/(3/(-10)). Suppose 2*u = d*u + 4. Let y = -4 - u. Let g(l) = -l**3 - 2*l**2 + 2*l + 2. Calculate g(y).
-2
Let u(n) = 5 + 0 - n - n + 3*n. Give u(-6).
-1
Let k be (10/4)/((-2)/4). Suppose -4*r - 4*c = 12, 3*c + 2 = 4*r - 21. Let i(v) = v**2 + r - v**2 - v**2 - 5*v + 0*v**2. Calculate i(k).
2
Let o = 12 - 35. Let h = 17 + o. Let q(w) = w**3 + 6*w**2 - w + 6. Give q(h).
12
Suppose 3*v = 2*v. Let n(f) = -f**2 - f + 7. Let m(a) = 3*a**2 + 2*a - 14. Let i(j) = -2*m(j) - 5*n(j). Give i(v).
-7
Let f(h) = -13*h - 21. Let s(x) = 7*x + 11. Let b = -28 - -22. Let n(v) = b*f(v) - 11*s(v). What is n(-4)?
1
Let y(x) = -6*x + 1. Let f be y(-1). Let s = 3 - f. Let w(c) = 3*c + 4*c**3 - 3*c**2 - 4*c**3 - c**3 - 1. What is w(s)?
3
Let u(y) be the second derivative of -y**7/2520 + 7*y**6/720 - y**5/24 - y**4/3 - 6*y. Let s(h) be the third derivative of u(h). What is s(5)?
5
Let m(q) be the second derivative of q**4/12 + 7*q**3/6 + q**2/2 - q. Give m(-6).
-5
Let b = -12 + 19. Let j(i) = -i**3 + 7*i**2 + i - 7. Let r be j(b). Let s(y) = y - 1. Let p(q) = q - 2. Let k(h) = -4*p(h) + 3*s(h). Calculate k(r).
5
Let d(l) be the second derivative of 2*l**3/3 + l**2/2 + 4*l. Calculate d(2).
9
Let x(n) = -10*n - 10*n + 19*n. Determine x(5).
-5
Suppose 0 = -2*m - 5 - 17. Let q = m + 16. Let k(o) = 0 - 1 + 4*o - q*o. What is k(-2)?
1
Let b(x) = -x**2 + 4*x. Suppose 0 = -4*s + 4 + 8. Let o = -2 + s. Suppose 0 = -2*y + 5 + o. What is b(y)?
3
Let x(s) = 7*s**2 + s + 1 - s**2 + 14*s**2. Calculate x(-1).
20
Let n(w) = -1. Suppose 1 = -3*x - 20. Let o = x - -11. Let h(t) = 2*t. Let c(s) = o*n(s) - h(s). Calculate c(-3).
2
Let f(t) = 6*t - 6*t - t - 2. Give f(5).
-7
Let j(k) = k**3 - 12*k**2 - k + 8. Let p be j(12). Let y(w) = 2*w + 3. Let v be y(p). Let o(h) = -h**2 - 5*h - 1. Give o(v).
-1
Suppose 2*y + 2*y - 8 = 0. Let r(n) = -5*n + 4 - y + 0 + 3*n. Calculate r(-2).
6
Let j(o) be the second derivative of -o**4/12 - 7*o**3/6 - 5*o**2/2 - 8*o. Determine j(-4).
7
Let y(g) be the first derivative of 3*g**2/2 - 1. Give y(5).
15
Let o(c) = 6*c - 7. Let q(h) = -h - 1. Let g(u) = -o(u) - 5*q(u). Determine g(6).
6
Let a be 2/((-3)/((-42)/4)). Let q(x) = x**3 - 4*x**2 + 2*x**3 - 2*x**3 - a*x + 3 + 0*x**3. Give q(5).
-7
Let l(s) = s**2 - 4*s + 4. Let r(m) = 4*m**2 - 3*m + 3. Let u be r(1). Determine l(u).
4
Let y(l) = l**2 + l + 2. Suppose -2*x + 0*t + 5*t - 1 = 0, 3*x + t = -10. What is y(x)?
8
Suppose -5*u + 8 = -b, -2*u - b = -0 - 6. Let x(t) = -3 + u + t - 2. Suppose 2*z = -0*z + 8. Calculate x(z).
1
Let h be 0 + 0 + 2 - 2. Suppose -g + 8 = 3*g. Let q(d) = -d - g*d + 4*d. What is q(h)?
0
Let r be ((-28)/(-12) - 1)/((-2)/(-3)). Let w(h) = h**3 + h**2 + 3*h - 3. Determine w(r).
15
Let k(r) = -r**2 + 3*r + 7. Suppose 2*h + 4*c - 1 + 5 = 0, 4*c + 8 = 0. Let y = 3 + h. What is k(y)?
-3
Suppose 4*m - 8*m = 8. Let o(p) be the second derivative of -p**3/6 - p**2 - 2*p. Determine o(m).
0
Let z(b) = 5*b**3 - 2*b**2 + 7*b + 7. Let r(q) = -4*q + 4*q**3 - 4 - 5*q**3 - 2*q**3 - 6*q**2 + 7*q**2. Let v(y) = -7*r(y) - 4*z(y). Determine v(-2).
-4
Let b(l) = l**3 + 4*l**2 - 4. Let u be b(-3). Suppose -14 = -4*o - 3*s, u*s = -2*o + s + 12. Let w(y) = 2 + 3 - y - o. What is w(3)?
0
Let n(c) = c**2 - 4*c + 1. Let t(j) = -j**2 - 7*j + 4. Let b be t(-7). Determine n(b).
1
Suppose 5*y + 2*b - 61 = 0, -3*y + 31 = -y + 3*b. Let k(w) = -w**2 - 10*w - 16. Let p(z) = -2*z - 3. Let s(t) = y*p(t) - 2*k(t). What is s(-2)?
11
Let k(m) = 16*m + 1. Let j be 4/(-18) + -1 + 26/117. Calculate k(j).
-15
Let j(h) = -5*h**3 - 11*h**2 - h + 7. Let d(a) = 6*a**3 + 12*a**2 - 8. Let l(t) = -6*d(t) - 7*j(t). Let w = -9 + 15. Calculate l(w).
5
Suppose 0 = -t - t - 8. Let y be (1*-8)/(t/2). Let g(d) = -y + 4 + 1 - 7*d. What is g(1)?
-6
Suppose -3*g - 4*o = -10, -2*g - 3*o = 2*o - 2. Let w be (-14)/(-3) + 2/g. Let i(d) = 17 + 19 + 4*d - d**2 - 32. Calculate i(w).
-1
Let j be 0 + 0 + (-1 - -3). Let i(q) = j - 3*q + 2*q + q**2 - q. Suppose 0*w + w = 2. Determine i(w).
2
Let n(r) = r**3 - 5*r**2 - 5*r - 1. Let j = 15 - 11. Let s(d) = 4*d - 10. Let q be s(j). Determine n(q).
5
Let u(z) = -18*z**3 + 3*z + 3*z**2 + 17*z**3 - 7*z**2 - 4*z. Calculate u(-3).
-6
Let z(c) = 2*c + 0*c - 5*c + 4*c. Suppose 0 = -3*x - 5*i - 20, -8 = x + 5*i + 12. Suppose 0*y + y - 6 = x. Calculate z(y).
6
Let x(o) = o**3 - 6*o**2 - 9*o - 3. Let u(k) = 2*k**3 - 6*k**2 - 10*k - 2. Let z(w) = -2*u(w) + 3*x(w).